
5
Suppose -2*p + 21*p + 24031 = 60283. What is the units digit of p?
8
Suppose 7*b + 17*b = -160437 + 509181. What is the ten thousands digit of b?
1
Let s = 36 - 35. Let w be 3/s*(1 + (-17)/3). Let t = 19 + w. What is the units digit of t?
5
Suppose 3*t - 3*d = 78, 0 = 3*t + 2*t - d - 114. Suppose 23*a = t*a - 7. Let c = a + 89. What is the tens digit of c?
8
What is the ten thousands digit of 1/6 - (-61014968)/2832?
2
Let o(k) = -5671*k - 488. What is the units digit of o(-1)?
3
Let p be -2*(-4 - (-3 - 3)) + 396. Let s = p + 11. What is the units digit of s?
3
Suppose -23 = 3*s - 2*k - 43, 2*s + 3*k = 9. Suppose 0 = s*g - 1565 - 679. What is the hundreds digit of g?
3
Suppose 0*f - 13*f = 65. What is the tens digit of (318/f)/(45/(-300))?
2
Suppose 0 = -20*w + 22*w + 4*f - 28628, 0 = 3*w + 3*f - 42942. Suppose -p = 16*p - w. What is the tens digit of p?
4
Let t(k) = 5*k**2 - 4*k - 18. Suppose -68 - 10 = 13*a. What is the units digit of t(a)?
6
Let p = 83 - 83. Suppose p*f - 5*f + 243 = -2*o, f - 4*o = 63. Let j = -20 + f. What is the units digit of j?
7
Suppose p - 6*p + 2*n = -56034, -56040 = -5*p + 5*n. What is the ten thousands digit of p?
1
Let q(l) = l**3 - 20*l**2 + l - 14. Let v be q(20). Suppose 2*i + 12 = 2*f + v*i, -f - 4*i + 2 = 0. What is the units digit of f?
0
Suppose 7*g + 12 = 10*g. Let o be ((-57)/12)/(g/(-32)). What is the tens digit of (-6)/(-4 + 149/o)?
7
Suppose 0 = -4*h + 2*w + 2*w - 8, -h - 4*w + 18 = 0. Suppose 4*a = -h*g + 4336, -9*g + 6 = -12*g. What is the units digit of a?
5
Let v = -29639 - -42324. What is the units digit of v?
5
Let m(u) = -5*u**2 + 17*u - 7. Let o(p) = 13*p**2 - 31*p + 15. Let g(w) = -5*m(w) - 2*o(w). Suppose 0*h - 2*h = 36. What is the units digit of g(h)?
5
Suppose 27 = 10*k - k. Let b(d) = -d - k*d - 3*d + 5*d + 30. What is the units digit of b(0)?
0
Let y = -326 - -330. Suppose -3*w + 540 - 114 = -2*f, -y*f - 564 = -4*w. What is the units digit of w?
4
Let h be (5 + 146)*(4 + -3). Let a be ((-208)/(-8))/(4/(-10)). Let u = h - a. What is the hundreds digit of u?
2
Let s(v) = 584*v**2 + 32*v + 20. What is the units digit of s(3)?
2
What is the units digit of (6 + 4 - 3) + (1 - -3624)?
2
Let g(u) = u**3 - 2*u**2 - 3*u - 2. Let r be g(-1). Let y be (-2)/(-4)*2 - 1*r. What is the tens digit of (52/y)/(12/54)?
7
Suppose 0 = -5*q + 10, 5*a - 3*q + 12620 = 48224. What is the tens digit of a?
2
Suppose -4*q + 12*q = 39512. Suppose 23*l - 5526 - q = 0. What is the hundreds digit of l?
4
Suppose 5*o - 45 = -5*v, -4*v = 3*o - 4 - 28. Suppose 0 = -o*a + 146 + 182. What is the tens digit of a?
8
Let h(w) = -7*w + 230. Let j be h(35). Suppose 5*c = -0 - 10. What is the units digit of 0/c - (-118 - j)?
3
Let w = 83 - -26. Let j = w - 91. What is the tens digit of j?
1
Let y(i) = -1563*i + 8092. What is the hundreds digit of y(-10)?
7
Let s = 287 - 282. Suppose 1262 = 2*l - 2*f, 0 = 2*f + s + 3. What is the tens digit of l?
2
Let c(f) = 3*f - 21. Let r be c(9). Suppose 3*v + 0*v - t = r, -2*v - 5*t = -21. Suppose -v*z + 2*u + u = -60, 100 = 5*z + u. What is the tens digit of z?
2
Suppose -2*n - 6*n = 32*n. Suppose 72*t - 73*t - 5 = n, -t = 2*l - 391. What is the units digit of l?
8
Suppose -10 = 3*z + 5*u, -3*u - u = 2*z + 4. What is the hundreds digit of (7/z - 3/(-15))*-1074?
5
Let w(i) = i**3 + 14*i**2 + 21*i - 37. Let z be w(-12). What is the hundreds digit of z*7 + (-890)/(-5)?
1
Let l = 519 + -226. Let i(x) = -67*x**2 + 1. Let p be i(-1). Let z = l + p. What is the units digit of z?
7
Let i(u) be the first derivative of 103*u**2/2 - 8*u - 39. Let l be i(-1). Let g = 131 + l. What is the units digit of g?
0
Let m = 4565 + -3756. What is the hundreds digit of m?
8
Let t(o) = -o**2 - 5*o - 5. Suppose -3*y - 2*y - h = 25, 5*h = -5*y - 25. Let a be t(y). What is the tens digit of (10/a)/(2/(-11))?
1
Let i be ((-3)/6)/(6/(-24)). Suppose 5*u = -7*o + 6*o + 978, -i*u = -4. What is the units digit of o?
8
Let l = 8 - 16. Let r(n) be the first derivative of -n**4/4 - 2*n**3 + 3*n**2/2 + 5*n + 12. What is the tens digit of r(l)?
0
Let g = 2401 - 1834. What is the hundreds digit of g?
5
Let x(l) = 2*l**2 + 7*l - 2. Let y be x(-4). Suppose 3*u = 4*m - 43, 2*m - 19 - 3 = y*u. What is the units digit of (-2)/m + (-777)/(-35)?
2
Let i(z) = 4*z**3 - 10*z**2 + 19*z + 5. Suppose -5*k + 8 = -2, -4*k = -2*f. What is the hundreds digit of i(f)?
1
Let z be 17 + 72/16*2. Suppose -13704 = -z*j + 6498. What is the hundreds digit of j?
7
Let v = -7927 - -11058. What is the units digit of v?
1
Let w = 1604 + -422. What is the hundreds digit of w?
1
Let l(a) = -11374*a - 5296. What is the tens digit of l(-4)?
0
Suppose 3*o - 15 = -3*r, -4*r - 5*o + 16 = -1. Suppose -r*q = -78 - 666. What is the tens digit of q?
9
Let n = 26982 + -13138. What is the tens digit of n?
4
Suppose 5*m + 2*o + 2358 = 0, 4*m = 5*o - o - 1892. Let y = -3 - m. What is the units digit of y?
9
Let m(z) = 3*z**2 + 2*z - 17. Let y be (-4)/18 + 488/(-72) + 6. Let v be (-3 + 1 - y)/((-4)/28). What is the hundreds digit of m(v)?
1
Let a = 97 + -95. Suppose -a*d + 1069 = -5*t, 3*d - 4*t - 2681 = -2*d. What is the units digit of d?
7
Suppose 4*q = -4*p + 1952, 9*p = 6*p + 15. Let f = q - 223. What is the units digit of f?
0
Let y(m) = -14 - 4*m + 16 - 52 + m. Let l be y(-21). Suppose -2955 = -2*b - l*b. What is the hundreds digit of b?
1
Let n(l) = -1471*l - 561. What is the thousands digit of n(-10)?
4
Suppose -7*v = 28*v + 14*v - 551936. What is the tens digit of v?
6
Let c(u) = 378*u**2 - 8*u + 9. Let r be c(-3). Suppose 0 = 10*d - r - 5755. What is the units digit of d?
9
Let y(k) = -k**3 - 7*k**2 + 13*k + 19. Suppose -1 - 7 = 4*t. Let b be 2/(6/(-21)) + t. What is the units digit of y(b)?
4
Suppose 0 = -3*s + 283 - 289. What is the units digit of 255*(s + -5 + (-69)/(-9))?
0
Let n = 65 - 62. Suppose 6*i - n*i - 377 = -5*y, 2*y = 2*i + 154. Let b = -61 + y. What is the units digit of b?
5
What is the tens digit of (-9242)/(-4) - 9/(252/14)?
1
Suppose 7*p - 16 = 5*p + 4*a, -3*a - 13 = -2*p. Suppose 2035 = 3*l + p*l. What is the units digit of l?
7
Let q(d) = 7*d**2 + 5*d - 27. Let u = -227 - -235. What is the hundreds digit of q(u)?
4
Let h = 33701 - 19546. What is the hundreds digit of h?
1
Let d(c) = 11*c**2 + 103*c + 418. What is the hundreds digit of d(-30)?
2
Let a = 694 + -692. Suppose -a*w + 2544 = 3*h, 4*w + 13*h - 10*h - 5100 = 0. What is the hundreds digit of w?
2
Let n(c) = c**3 + c**2 - 5*c. Let q be n(2). Suppose -10*x + 13*x + 1347 = q*a, -5*x = 5. What is the tens digit of a?
7
Suppose -10933 = 34*s - 196277 + 16976. What is the units digit of s?
2
Suppose 10*t - 668 - 32 = 0. Suppose -15*h - t = -10*h. What is the tens digit of (1 - (-351)/21) + h/(-49)?
1
Let h = -2984 - -14552. What is the ten thousands digit of h?
1
Let j(z) = -3*z**2 - z + 607. Let y be j(0). Let k = y + -422. Suppose 232 = 2*d - x, 4*d - k - 271 = -2*x. What is the tens digit of d?
1
Suppose 119581 = -757*s + 768*s. What is the tens digit of s?
7
Let h(o) = -14*o - 13. Let i be h(8). Let n(y) = -11*y**2 + 2*y + 1. Let p be n(-1). Let f = p - i. What is the tens digit of f?
1
Let i(b) = 59*b + 1422. What is the tens digit of i(13)?
8
Suppose -20*b - 3*b + 175421 = 0. What is the hundreds digit of b?
6
Suppose -70*a + 81*a = -134*a + 6600545. What is the tens digit of a?
2
Suppose 2*l = 4*i - 13 - 7, 0 = -3*i + l + 14. What is the hundreds digit of (i + 6404)/8 - -3?
8
Let n be (-2890 - 4)*9/(-6). Suppose -n = -8*s - 1533. What is the hundreds digit of s?
3
Let c = -8314 + 13445. What is the hundreds digit of c?
1
Let h = 1209 + 1004. What is the thousands digit of h?
2
Let t = 5810 + -800. What is the thousands digit of t?
5
Suppose 2*f = 7*f + 3*n - 214, -4*f + 170 = 3*n. Suppose -5*d + 7 = 3*m - f, 2*m - 4*d = 34. Suppose 519 = 4*r - m. What is the tens digit of r?
3
Let f(x) = 134*x**2 - 111*x - 741. What is the thousands digit of f(-7)?
6
Let q be (20/(-40))/((-1)/4). Let d(i) = 3 - 4*i - 48*i - 7*i - q. What is the tens digit of d(-1)?
6
Suppose -3*f = 7*b - 12*b + 408, -2*b + 4*f + 166 = 0. Suppose -x - u = -80, -3*u - 7 = x - b. What is the tens digit of x?
8
Let v be (-5 - -125)*40/12. Let w be (-10)/(-2)*(9 + -8). Suppose -3*x + v = w*x. What is the units digit